= 4160 + -4133. Calculate the highest common factor of 99 and l.
9
Let g = -30 + 30. Suppose -5*f + 5*v - 185 = -0*v, 4*f + 2*v + 172 = g. Let y = f - -67. What is the greatest common divisor of 39 and y?
13
Let h(d) = -d**3 - d**2 - d - 4. Let m be h(0). Let a(p) = -105*p - 114. Let k be a(m). What is the greatest common factor of k and 18?
18
Suppose 0 = -16*u + 604 - 28. Let d(b) = b + 7. Let i be d(-6). Suppose -4*h + i = -15. What is the highest common factor of u and h?
4
Suppose -96*d + 91*d - 872 = -2*p, -3*d - 856 = -2*p. What is the highest common divisor of p and 1976?
104
Let o be (-34)/408 + (-75)/(-36). Suppose b = o*n - 2*b - 384, -2*b = 3*n - 550. What is the highest common factor of 279 and n?
93
Suppose 0 = 5*z - 7*z + 6. Let d(w) = -12*w + z*w - 6*w. Let o be d(-1). What is the highest common factor of o and 6?
3
Suppose -29 = -3*q - 5. Let d = q + 52. Calculate the highest common factor of d and 165.
15
Let x be (-8)/(-6) - 360/(-216). Suppose x*t = -q + 6, 5*t = 52*q - 53*q - 2. What is the greatest common divisor of q and 243?
9
Let d = 2512 + -1980. What is the greatest common divisor of d and 21?
7
Let d(l) = 2*l - 2. Let h be d(2). Suppose h*k = 42 + 60. Suppose 2*j + j - k = 0. What is the greatest common factor of 17 and j?
17
Let w be (2/(-6))/((-2)/1038). Suppose 0 = 2*p - w - 707. Let y be (-10)/4*p/(-25). Calculate the greatest common factor of y and 220.
44
Let i(f) = -f**3 - 10*f**2 + 6*f + 3. Let z be i(-11). Suppose -4*v - 2*w + 12 = 0, -24 = 81*w - 77*w. Calculate the highest common divisor of z and v.
2
Let x(l) = 4*l**3 - 6*l**2 - 4*l + 19. Let y be x(4). Let f = -129 + y. What is the greatest common factor of 85 and f?
17
Let j = -6987 + 7002. Calculate the greatest common divisor of 8385 and j.
15
Let y(s) = 8*s**2 - 19*s - 70. Suppose 0 = -2*j - 3*i - 23, -6*i = 4*j - 9*i + 19. Let t be y(j). Calculate the greatest common factor of 35 and t.
35
Let v = 7673 + -7641. Let m(t) = 50*t**2 - t - 1. Let g(z) = -z**2 - 2*z. Let u be g(-1). Let i be m(u). What is the greatest common divisor of v and i?
16
Suppose 5*d + 340 = -120. Let o = 176 + d. Calculate the greatest common divisor of 294 and o.
42
Let w = 725 - 719. Let y = 30 + 9. What is the greatest common divisor of w and y?
3
Let w(l) = 87*l**2 - 678*l + 76. Let c be w(8). Let z(b) = -b + 20. Let j be z(0). Calculate the highest common factor of j and c.
20
Let j = 65 - 91. Let b = j + 28. Calculate the greatest common divisor of 16 and b.
2
Suppose -107*c + 196*c - 4539 = 0. Calculate the greatest common factor of c and 136.
17
Let s(w) = 3*w**2 - 8*w**2 + 5*w + 7*w**3 - 6 + 4*w**2. Let o be s(2). What is the highest common divisor of o and 8?
8
Suppose -5*z - 63*b = -61*b - 80, 3 = 2*z - 5*b. Let r(y) = 3*y**2 - y - 3. Let t be r(2). What is the greatest common divisor of t and z?
7
Let b = -44 - -12. Let p = 122 - b. Let a = p - -11. Calculate the highest common factor of a and 15.
15
Suppose -14 - 16 = -2*j - 2*r, -15 = -2*j + 3*r. Calculate the greatest common factor of j and 1356.
12
Let q be (6/(-4))/((-12)/72). Suppose q = -10*t + 13*t, 3*o - 66 = -2*t. Calculate the greatest common divisor of 60 and o.
20
Suppose -4*z = 4*z - 72. Suppose 3*r = -f + 3*f + 222, 3*f = -z. Calculate the highest common factor of r and 180.
36
Suppose 8424 = -3*i + 21*i. Suppose -5*z = -57 - 203. What is the highest common divisor of z and i?
52
Let q = -6892 + 9970. What is the greatest common divisor of 126 and q?
18
Let g = 895 - 190. Let s = g + -693. Let a be 0 - (-6 + (-4 - -2)). What is the greatest common divisor of a and s?
4
Suppose -348 - 87 = -2*k - 5*l, 0 = -2*l + 6. Calculate the greatest common factor of 690 and k.
30
Let m = -2287 - -2582. What is the highest common divisor of 5 and m?
5
Let w = 5967 - 5721. Calculate the highest common factor of w and 533.
41
Let w = -14269 + 16258. Calculate the highest common factor of w and 102.
51
Let z(w) = -42*w**3 + w**2 + 3*w + 2. Suppose -2*s - 6 + 4 = 0. Let k be z(s). What is the highest common divisor of 294 and k?
42
Let t be (-4)/10*260/13*-168. Calculate the greatest common divisor of 36 and t.
12
Let v be (-40)/35*7/(-2). Suppose -5*h - 97 = -0*h + 3*d, v*h = d - 81. Let k = h + 33. What is the highest common divisor of 65 and k?
13
Suppose 0 = -251*v + 2733 + 4044. Calculate the highest common divisor of 2241 and v.
27
Let i = -60 - 87. Let p = -75 - i. Let r be 34/4 + (-8)/16. What is the highest common divisor of p and r?
8
Suppose -5*b + 3*j + 250 = 0, 3*b - 106 - 44 = -3*j. Let x = 330 + -1016. Let f = 811 + x. Calculate the greatest common divisor of b and f.
25
Suppose -n - 2 = -15. Let a(t) = 5*t + 16. Let i be a(n). Let k be 2/((-79)/i + 1). Calculate the highest common factor of 54 and k.
27
Let l = 10384 - 10378. Calculate the greatest common divisor of 474 and l.
6
Suppose f + 3*y = -4 + 134, 5*f - 728 = -2*y. Calculate the highest common divisor of f and 7.
1
Let b(o) = o**2 + 81*o + 1. Let n(p) = -3*p + 50. Let i be n(12). Let h be b(i). What is the greatest common factor of 11 and h?
11
Let a be 0 - (-16 - 20/(-4)). Suppose -63 = 12*c - a*c. Let p = c + 266. What is the highest common factor of 29 and p?
29
Let k be 2709/172 - (7/4 + -2). What is the highest common divisor of 6064 and k?
16
Let k(p) = 464*p + 2808. Let o be k(-6). What is the greatest common divisor of 14124 and o?
12
Let a(l) = 20*l - 84. Let s be a(5). Let v(w) = -w**2 - 5*w - 1. Let z be v(-2). Let m = 7 - z. What is the highest common factor of m and s?
2
Suppose 3*p + 73 = 493. Let t(z) = -z**3 - 8*z**2 - 10*z - 6. Let g be t(-8). Suppose -79*m = -g*m - p. What is the greatest common divisor of m and 4?
4
Let v = -14001 - -14013. What is the highest common factor of 10932 and v?
12
Let f = 111 - 108. Let o be (f - (5 - 7))*(0 + 11). Calculate the highest common factor of o and 33.
11
Suppose 3*q - 271 = 4*x, 4*q - 320 = -77*x + 72*x. Calculate the highest common factor of q and 425.
85
Let u = -227 - -263. Suppose -u = -3*q + 12. What is the highest common factor of 1 and q?
1
Let w be ((-12)/10)/((135/25)/(-9)). Let o be (-4730)/(-88) + w/8. Calculate the greatest common factor of o and 594.
54
Let g be (43569/564)/(1/4). Calculate the greatest common factor of 12 and g.
3
Suppose -5*r + 45 = -3*a - 2*a, -3*r + 34 = 4*a. Suppose -b - 135 = -r*b. Let c be 2388/30 + 6/b. What is the greatest common factor of 120 and c?
40
Suppose 2*r - 3*t - 513 = 0, t + 3 - 8 = 0. Suppose 0 = -5*u - 22*u + 648. Calculate the highest common divisor of r and u.
24
Suppose 3*g - 2*i - 211 = 0, 13*g + 2*i = 8*g + 373. Let n = g + -37. Let x(b) = -b - 14. Let l be x(-22). What is the greatest common divisor of n and l?
4
Suppose -3*x = -0*x. Let q(a) = 2*a + 6. Let w be q(x). Suppose -w*g + g = -90. What is the highest common divisor of 90 and g?
18
Let m be 5*190/38*(0 - -6). Calculate the greatest common divisor of m and 240.
30
Let u = 306 - 302. Let x be u*(580/400 - (-1)/(-5)). Let l be 2*(5/2 - 0). What is the greatest common factor of x and l?
5
Suppose -y - 5 = -2*y. Let m(c) = c**3 + 7*c**2 - 12*c + 5. Let r be m(-7). Let z = -87 + r. What is the highest common divisor of y and z?
1
Let j(u) = 34*u + 8. Let q be j(6). Let w be -1 + 12 + 2 - (-35 - (-1892)/43). What is the highest common divisor of q and w?
4
Let p = 726 - 696. What is the greatest common factor of 6975 and p?
15
Let j = -9027 - -10706. Calculate the greatest common divisor of 23 and j.
23
Let h be (8 + 280/(-30))/(2/(-48)). Let r be (-18)/4*(-5120)/15. Calculate the greatest common factor of h and r.
32
Suppose 3*b = -4*k - 51 + 152, 0 = -4*k - b + 87. Calculate the highest common divisor of 530 and k.
10
Suppose 44*g - 3*w = 43*g + 881, 0 = 3*g - 4*w - 2623. What is the greatest common divisor of g and 33?
11
Let a(n) = 2*n**2 - n + 1. Let r(c) = -13*c**2 + 7*c + 6. Let b(h) = -4*a(h) - r(h). Let i be b(3). Calculate the greatest common divisor of 208 and i.
26
Let i(n) be the first derivative of -7*n**2/2 + 32*n - 23. Let m be i(3). What is the greatest common divisor of m and 253?
11
Let o = 18402 + -18284. What is the highest common divisor of 27966 and o?
118
Let f = -304 + 309. Suppose -f*b + 43 = 4*c, -44*c + 47*c = -9. What is the highest common f